t is the units digit of 37751?
1
What is the units digit of 4399?
9
What is the units digit of 9364?
4
What is the hundreds digit of 3855?
8
What is the units digit of 94159?
9
What is the hundreds digit of 43553?
5
What is the thousands digit of 22340?
2
What is the tens digit of 37771?
7
What is the hundreds digit of 26794?
7
What is the tens digit of 5033?
3
What is the units digit of 21457?
7
What is the tens digit of 6339?
3
What is the tens digit of 29?
2
What is the hundreds digit of 22244?
2
What is the thousands digit of 1283?
1
What is the thousands digit of 90253?
0
What is the units digit of 6680?
0
What is the hundreds digit of 84954?
9
What is the units digit of 1554?
4
What is the tens digit of 1262?
6
What is the tens digit of 7150?
5
What is the tens digit of 24921?
2
What is the thousands digit of 18798?
8
What is the tens digit of 8398?
9
What is the tens digit of 1310?
1
What is the hundreds digit of 8781?
7
What is the tens digit of 8624?
2
What is the hundreds digit of 6489?
4
What is the hundreds digit of 21299?
2
What is the units digit of 24716?
6
What is the thousands digit of 4094?
4
What is the hundreds digit of 7573?
5
What is the thousands digit of 1179?
1
What is the hundreds digit of 976?
9
What is the tens digit of 1945?
4
What is the hundreds digit of 865?
8
What is the hundreds digit of 3206?
2
What is the hundreds digit of 39656?
6
What is the tens digit of 764?
6
What is the thousands digit of 12174?
2
What is the tens digit of 2949?
4
What is the tens digit of 1468?
6
What is the thousands digit of 13439?
3
What is the tens digit of 528?
2
What is the tens digit of 79277?
7
What is the hundreds digit of 26617?
6
What is the units digit of 4120?
0
What is the hundreds digit of 25437?
4
What is the units digit of 4744?
4
What is the ten thousands digit of 138396?
3
What is the hundreds digit of 8581?
5
What is the units digit of 74303?
3
What is the units digit of 298?
8
What is the hundreds digit of 973?
9
What is the thousands digit of 71296?
1
What is the hundreds digit of 393?
3
What is the units digit of 21591?
1
What is the hundreds digit of 2856?
8
What is the units digit of 7400?
0
What is the units digit of 2835?
5
What is the tens digit of 7544?
4
What is the hundreds digit of 6877?
8
What is the tens digit of 3478?
7
What is the units digit of 2792?
2
What is the units digit of 19712?
2
What is the hundreds digit of 1315?
3
What is the thousands digit of 12314?
2
What is the hundreds digit of 2184?
1
What is the units digit of 10?
0
What is the ten thousands digit of 17093?
1
What is the units digit of 751?
1
What is the units digit of 13255?
5
What is the tens digit of 41533?
3
What is the hundreds digit of 5488?
4
What is the units digit of 8478?
8
What is the tens digit of 218?
1
What is the tens digit of 665?
6
What is the thousands digit of 79702?
9
What is the units digit of 39?
9
What is the units digit of 1842?
2
What is the hundreds digit of 16862?
8
What is the hundreds digit of 110?
1
What is the thousands digit of 73005?
3
What is the hundreds digit of 912?
9
What is the units digit of 8196?
6
What is the hundreds digit of 7636?
6
What is the tens digit of 1546?
4
What is the hundreds digit of 29451?
4
What is the hundreds digit of 181678?
6
What is the hundreds digit of 1771?
7
What is the hundred thousands digit of 141204?
1
What is the units digit of 79655?
5
What is the ten thousands digit of 63444?
6
What is the hundreds digit of 10431?
4
What is the tens digit of 2860?
6
What is the units digit of 143592?
2
What is the hundreds digit of 14746?
7
What is the hundreds digit of 11180?
1
What is the hundreds digit of 237?
2
What is the units digit of 11249?
9
What is the hundreds digit of 29236?
2
What is the tens digit of 83461?
6
What is the units digit of 44909?
9
What is the tens digit of 2366?
6
What is the hundreds digit of 11386?
3
What is the tens digit of 7237?
3
What is the tens digit of 798?
9
What is the ten thousands digit of 50686?
5
What is the tens digit of 201?
0
What is the thousands digit of 3199?
3
What is the hundreds digit of 2302?
3
What is the units digit of 11013?
3
What is the tens digit of 2982?
8
What is the tens digit of 1073?
7
What is the units digit of 12833?
3
What is the units digit of 709?
9
What is the tens digit of 86?
8
What is the tens digit of 3304?
0
What is the tens digit of 8574?
7
What is the tens digit of 29437?
3
What is the tens digit of 3138?
3
What is the hundreds digit of 77465?
4
What is the units digit of 8598?
8
What is the tens digit of 427?
2
What is the tens digit of 53678?
7
What is the hundreds digit of 28436?
4
What is the tens digit of 5840?
4
What is the tens digit of 6856?
5
What is the tens digit of 2972?
7
What is the hundreds digit of 996?
9
What is the tens digit of 3678?
7
What is the ten thousands digit of 14634?
1
What is the units digit of 79515?
5
What is the tens digit of 588?
8
What is the hundreds digit of 461?
4
What is the hundreds digit of 1505?
5
What is the tens digit of 34752?
5
What is the hundreds digit of 31637?
6
What is the hundreds digit of 1256?
2
What is the tens digit of 957?
5
What is the hundreds digit of 912?
9
What is the hundreds digit of 13550?
5
What is the tens digit of 105373?
7
What is the thousands digit of 2440?
2
What is the units digit of 3032?
2
What is the tens digit of 3648?
4
What is the units digit of 429?
9
What is the hundreds digit of 491?
4
What is the tens digit of 17141?
4
What is the hundreds digit of 6536?
5
What is the units digit of 41153?
3
What is the thousands digit of 2151?
2
What is the units digit of 12635?
5
What is the tens digit of 138531?
3
What is the thousands digit of 1392?
1
What is the hundreds digit of 6527?
5
What is the tens digit of 11951?
5
What is the units digit of 21751?
1
What is the thousands digit of 107389?
7
What is the units digit of 8012?
2
What is the thousands digit of 5946?
5
What is the units digit of 5908?
8
What is the tens digit of 1463?
6
What is the hundreds digit of 1658?
6
What is the thousands digit of 13019?
3
What is the hundreds digit of 12311?
3
What is the ten thousands digit of 120024?
2
What is the hundreds digit of 3273?
2
What is the thousands digit of 56324?
6
What is the hundreds digit of 56663?
6
What is the units digit of 1996?
6
What is the tens digit of 6266?
6
What is the tens digit of 174?
7
What is the units digit of 3008?
8
What is the ten thousands digit of 21756?
2
What is the hundreds digit of 248?
2
What is the thousands digit of 77672?
7
What is the hundreds digit of 11375?
3
What is the thousands digit of 1409?
1
What is the tens digit of 961?
6
What is the hundreds digit of 32890?
8
What is the units digit of 52293?
3
What is the thousands digit of 3820?
3
What is the thousands digit of 9428?
9
What is the units digit of 17473?
3
What is the units digit of 6355?
5
What is the thousands digit of 4818?
4
What is the tens digit of 26966?
6
What is the thousands digit of 98578?
8
What is the ten thousands digit of 56240?
5
What is the tens digit of 31440?
4
What is the thousands digit of 25294?
5
What is the hundreds digit of 12176?
1
What is the hundreds digit of 1956?
9
What is the ten thousands digit of 33215?
3
What is the thousands digit of 1866?
1
What is the units digit of 4031?
1
What is the tens digit of 9632?
3
What is the tens digit of 24376?
7
What is the thousands digit of 1385?
1
What is the tens digit of 1241?
4
What is the tens digit of 598?
9
What is the thousands digit of 34769?
4
What is the tens digit of 1859?
5
What is the tens digit of 5197?
9
What is the tens digit of 499?
9
What is the units digit of 107435?
5
What is the thousands digit of 25026?
5
What is the units digit of 18495?
5
What is the ten thousands digit of 62551?
6
What is the units digit of 355?
5
What is the tens digit of 135557?
5
What is the hundreds digit of 134?
1
What is the hundreds digit of 2915?
9
What is the thousands digit of 7320?
7
What is the ten thousands digit of 95541?
9
What is the units digit of 4742?
2
What is the hundreds digit of 7240?
2
What is the tens digit of 827?
2
What is the hundreds digit of 4245?
2
What is the thousands digit of 20253?
0
What is the hundreds digit of 4709?
7
What is